{"id":13119,"date":"2024-11-08T08:05:31","date_gmt":"2024-11-08T07:05:31","guid":{"rendered":"https:\/\/thenylcompanymarine.com\/?page_id=13119"},"modified":"2024-11-13T15:27:52","modified_gmt":"2024-11-13T14:27:52","slug":"provisions-2","status":"publish","type":"page","link":"https:\/\/thenylcompanymarine.com\/?page_id=13119&lang=fr","title":{"rendered":"Provisions."},"content":{"rendered":"<div class=\"wpb-content-wrapper\"><p>[vc_row css_animation=\u00a0\u00bbfadeInUp\u00a0\u00bb][vc_column width=\u00a0\u00bb1\/2&Prime;]<div class=\"ult-spacer spacer-69e24a403262b\" data-id=\"69e24a403262b\" data-height=\"0\" data-height-mobile=\"35\" data-height-tab=\"0\" data-height-tab-portrait=\"0\" data-height-mobile-landscape=\"35\" style=\"clear:both;display:block;\"><\/div>[vc_column_text css=\u00a0\u00bb\u00a0\u00bb]<\/p>\n<ul>\n<li style=\"list-style-type: none;\">\n<ul>\n<li><strong>Produits frais<\/strong>\n<ul>\n<li>R\u00c9F : NYL\/IMPA\/PF\/0000<\/li>\n<\/ul>\n<\/li>\n<li><strong>Produits surgel\u00e9s<\/strong>\n<ul>\n<li>R\u00c9F : NYL\/IMPA\/PC\/0000<\/li>\n<\/ul>\n<\/li>\n<li><strong>Produits surgel\u00e9s<\/strong>\n<ul>\n<li>R\u00c9F : NYL\/IMPA\/PS\/0000<\/li>\n<\/ul>\n<\/li>\n<li><strong>Produits secs et conserv\u00e9s<\/strong>\n<ul>\n<li>R\u00c9F : NYL\/IMPA\/PSC\/0000<\/li>\n<\/ul>\n<\/li>\n<\/ul>\n<\/li>\n<\/ul>\n<p><strong>MANUEL QUALIT\u00c9 DIGEST ET PROC\u00c9DURES<\/strong>.<\/p>\n<ul>\n<li style=\"list-style-type: none;\">\n<ul>\n<li>Norme ISO 9001\/2008<\/li>\n<li>CODE FSI<\/li>\n<li>QUALIT\u00c9 AISS<\/li>\n<\/ul>\n<\/li>\n<\/ul>\n<ul>\n<li style=\"list-style-type: none;\"><\/li>\n<\/ul>\n<p>[\/vc_column_text][\/vc_column][vc_column width=\u00a0\u00bb1\/2&Prime;][vc_single_image image=\u00a0\u00bb13056&Prime; img_size=\u00a0\u00bbfull\u00a0\u00bb css=\u00a0\u00bb\u00a0\u00bb][\/vc_column][\/vc_row][vc_row css_animation=\u00a0\u00bbfadeInUp\u00a0\u00bb][vc_column width=\u00a0\u00bb1\/2&Prime;][vc_single_image image=\u00a0\u00bb13058&Prime; img_size=\u00a0\u00bbfull\u00a0\u00bb css=\u00a0\u00bb\u00a0\u00bb][\/vc_column][vc_column width=\u00a0\u00bb1\/2&Prime;]<div class=\"ult-spacer spacer-69e24a4032654\" data-id=\"69e24a4032654\" data-height=\"0\" data-height-mobile=\"35\" data-height-tab=\"0\" data-height-tab-portrait=\"0\" data-height-mobile-landscape=\"35\" style=\"clear:both;display:block;\"><\/div><div class='dt-sc-title with-right-border-decor '><h2>Produits frais<\/h2><p><\/p><\/div>[vc_column_text css=\u00a0\u00bb\u00a0\u00bb]<strong>D\u00c9FINITION DES PRODUITS FRAIS<\/strong> : Ce sont des produits alimentaires d&rsquo;origine animale ou v\u00e9g\u00e9tale destin\u00e9s \u00e0 la consommation directe.<\/p>\n<p><strong>PROCESSUS DE CONSIGNATION<\/strong><\/p>\n<ul>\n<li style=\"list-style-type: none;\">\n<ul>\n<li>Les aliments frais ne doivent pas \u00eatre conserv\u00e9s dans des endroits congel\u00e9s et chauds ;<\/li>\n<li>Si les produits doivent \u00eatre stock\u00e9s dans des zones r\u00e9frig\u00e9r\u00e9es, leur s\u00e9jour ne doit pas d\u00e9passer 8 heures. Temp\u00e9rature : 21- 22 \u00b0C ;<\/li>\n<li>Certains produits comme les bananes, les avocats, les ananas et la papaye doivent rester dans des endroits o\u00f9 l&rsquo;air est constamment renouvel\u00e9.<\/li>\n<\/ul>\n<\/li>\n<\/ul>\n<p>[\/vc_column_text][\/vc_column][\/vc_row][vc_row css_animation=\u00a0\u00bbfadeInUp\u00a0\u00bb][vc_column width=\u00a0\u00bb1\/2&Prime;]<div class=\"ult-spacer spacer-69e24a40326aa\" data-id=\"69e24a40326aa\" data-height=\"0\" data-height-mobile=\"35\" data-height-tab=\"0\" data-height-tab-portrait=\"0\" data-height-mobile-landscape=\"35\" style=\"clear:both;display:block;\"><\/div><div class='dt-sc-title with-right-border-decor '><h2>Produits surgel\u00e9s<\/h2><p><\/p><\/div>[vc_column_text css=\u00a0\u00bb\u00a0\u00bb]<strong>D\u00c9FINITION DES PRODUITS SURGEL\u00c9S<\/strong>: Il s&rsquo;agit de produits alimentaires frais qui sont conserv\u00e9s \u00e0 0\u00b0C ou en dessous.<\/p>\n<p><strong>Ce que nous faisons ici:<\/strong><\/p>\n<ul>\n<li style=\"list-style-type: none;\">\n<ul>\n<li style=\"list-style-type: none;\">\n<ul>\n<li>Mettre \u00e0 disposition des utilisateurs des documents simples, indispensables et directement utilisables.<\/li>\n<li>Nous effectuons un ravitaillement constant de nos produits<\/li>\n<li>Lisibilit\u00e9 sur les diff\u00e9rentes \u00e9tapes de l&rsquo;avitaillement afin de respecter les Directives et processus conform\u00e9ment aux normes produits en vigueur<\/li>\n<\/ul>\n<\/li>\n<\/ul>\n<\/li>\n<\/ul>\n<p><strong>Produits Gel\u00e9s ci-dessous ::<\/strong><\/p>\n<ul>\n<li style=\"list-style-type: none;\">\n<ul>\n<li style=\"list-style-type: none;\">\n<ul>\n<li style=\"list-style-type: none;\">\n<ul>\n<li>Viande<\/li>\n<li>Poisson<\/li>\n<li>Cr\u00e8mes<\/li>\n<li>Fromages<br \/>\nEtc.<\/li>\n<\/ul>\n<\/li>\n<\/ul>\n<\/li>\n<\/ul>\n<\/li>\n<\/ul>\n<p>[\/vc_column_text][\/vc_column][vc_column width=\u00a0\u00bb1\/2&Prime;][vc_single_image image=\u00a0\u00bb13060&Prime; img_size=\u00a0\u00bbfull\u00a0\u00bb css=\u00a0\u00bb\u00a0\u00bb][\/vc_column][\/vc_row][vc_row css_animation=\u00a0\u00bbfadeInUp\u00a0\u00bb][vc_column width=\u00a0\u00bb1\/2&Prime;][vc_single_image image=\u00a0\u00bb13059&Prime; img_size=\u00a0\u00bbfull\u00a0\u00bb css=\u00a0\u00bb\u00a0\u00bb][\/vc_column][vc_column width=\u00a0\u00bb1\/2&Prime;]<div class=\"ult-spacer spacer-69e24a40326e8\" data-id=\"69e24a40326e8\" data-height=\"0\" data-height-mobile=\"35\" data-height-tab=\"0\" data-height-tab-portrait=\"0\" data-height-mobile-landscape=\"35\" style=\"clear:both;display:block;\"><\/div><div class='dt-sc-title with-right-border-decor '><h2>Produits surgel\u00e9s<\/h2><p><\/p><\/div>[vc_column_text css=\u00a0\u00bb\u00a0\u00bb]<strong>D\u00c9FINITION DES PRODUITS SURGEL\u00c9S<\/strong>: Ce sont des produits alimentaires frais qui sont conserv\u00e9s \u00e0 une temp\u00e9rature comprise entre 16 et 0\u00b0C.<\/p>\n<p><strong>Ce que nous faisons ici :<\/strong><\/p>\n<ul>\n<li style=\"list-style-type: none;\">\n<ul>\n<li style=\"list-style-type: none;\">\n<ul>\n<li>Mettre \u00e0 disposition des utilisateurs des documents simples, indispensables et directement utilisables.<\/li>\n<li>Garantie de la reproductibilit\u00e9 des op\u00e9rations de ravitaillement en produits surgel\u00e9s<\/li>\n<li>Lisibilit\u00e9 sur les diff\u00e9rentes \u00e9tapes de l&rsquo;avitaillement afin de respecter les Directives Processus conform\u00e9ment aux normes produits en vigueur<\/li>\n<\/ul>\n<\/li>\n<\/ul>\n<\/li>\n<\/ul>\n<p><strong>\u00a0Aliments surgel\u00e9s :<\/strong><\/p>\n<ul>\n<li style=\"list-style-type: none;\">\n<ul>\n<li style=\"list-style-type: none;\">\n<ul>\n<li style=\"list-style-type: none;\">\n<ul>\n<li>v\u00e9g\u00e9tales<\/li>\n<li>L\u00e9gumes<\/li>\n<li>Epicerie fine<\/li>\n<li>Cr\u00e8mes laiti\u00e8res<\/li>\n<li>Etc.<\/li>\n<\/ul>\n<\/li>\n<\/ul>\n<\/li>\n<\/ul>\n<\/li>\n<\/ul>\n<p>[\/vc_column_text][\/vc_column][\/vc_row][vc_row css_animation=\u00a0\u00bbfadeInUp\u00a0\u00bb][vc_column width=\u00a0\u00bb1\/2&Prime;]<div class=\"ult-spacer spacer-69e24a403271e\" data-id=\"69e24a403271e\" data-height=\"0\" data-height-mobile=\"35\" data-height-tab=\"0\" data-height-tab-portrait=\"0\" data-height-mobile-landscape=\"35\" style=\"clear:both;display:block;\"><\/div><div class='dt-sc-title with-right-border-decor '><h2>Produits secs et conserv\u00e9s<\/h2><p><\/p><\/div>[vc_column_text css=\u00a0\u00bb\u00a0\u00bb]<strong>D\u00c9FINITION DES PRODUITS SURGEL\u00c9S<\/strong>: Ce sont des produits alimentaires qui ne peuvent \u00eatre conserv\u00e9s que dans des endroits secs et \u00e0 temp\u00e9rature ambiante.<\/p>\n<p><strong>Ce que nous faisons ici ::<\/strong><\/p>\n<ul>\n<li style=\"list-style-type: none;\">\n<ul>\n<li style=\"list-style-type: none;\">\n<ul>\n<li>Veiller \u00e0 ce que les produits secs soient conserv\u00e9s \u00e0 temp\u00e9rature ambiante ;<\/li>\n<li>S&rsquo;assurer que l&#8217;emballage des produits secs n&rsquo;est pas endommag\u00e9 ;<\/li>\n<li>Assurez-vous que les dates de fabrication et la date de p\u00e9remption des produits<\/li>\n<\/ul>\n<\/li>\n<\/ul>\n<\/li>\n<\/ul>\n<p>\u2013 Caf\u00e9 \u2013 Miel \u2013 Haricots \u2013 Boissons \u2013 Conserves \u2013 \u00c9pices \u2013 Poivre \u2013 Etc\u2026[\/vc_column_text][\/vc_column][vc_column width=\u00a0\u00bb1\/2&Prime;][vc_single_image image=\u00a0\u00bb13057&Prime; img_size=\u00a0\u00bbfull\u00a0\u00bb css=\u00a0\u00bb\u00a0\u00bb][\/vc_column][\/vc_row][vc_row][vc_column width=\u00a0\u00bb1\/3&Prime;]<a href='https:\/\/thenylcompanymarine.com\/write-us\/' target='_blank' title='Write us' class='dt-sc-button   medium   filled  ' > PASSER VOTRE COMMANDE <\/a>[\/vc_column][vc_column width=\u00a0\u00bb1\/3&Prime;][\/vc_column][vc_column width=\u00a0\u00bb1\/3&Prime;]<a href='https:\/\/drive.google.com\/file\/d\/1-ZlYe-noYWAT-TaHA0JxChzmz9QlRxif\/view?usp=drive_link' target='_blank' title='' class='dt-sc-button   medium   filled  ' > TELECHARGER NOTRE BROCHURE <\/a>[\/vc_column][\/vc_row][vc_row][vc_column]<div class=\"ult-spacer spacer-69e24a403279e\" data-id=\"69e24a403279e\" data-height=\"20\" data-height-mobile=\"20\" data-height-tab=\"20\" data-height-tab-portrait=\"\" data-height-mobile-landscape=\"\" style=\"clear:both;display:block;\"><\/div>[\/vc_column][\/vc_row]<\/p>\n<\/div>","protected":false},"excerpt":{"rendered":"<p>[vc_row css_animation=\u00a0\u00bbfadeInUp\u00a0\u00bb][vc_column width=\u00a0\u00bb1\/2&Prime;][vc_column_text css=\u00a0\u00bb\u00a0\u00bb] Produits frais R\u00c9F : NYL\/IMPA\/PF\/0000 Produits surgel\u00e9s R\u00c9F : NYL\/IMPA\/PC\/0000 Produits surgel\u00e9s R\u00c9F : NYL\/IMPA\/PS\/0000 Produits secs et conserv\u00e9s R\u00c9F : NYL\/IMPA\/PSC\/0000 MANUEL QUALIT\u00c9 DIGEST ET [&hellip;]<\/p>\n","protected":false},"author":1,"featured_media":0,"parent":0,"menu_order":0,"comment_status":"closed","ping_status":"closed","template":"","meta":{"give_campaign_id":0,"_exactmetrics_skip_tracking":false,"_exactmetrics_sitenote_active":false,"_exactmetrics_sitenote_note":"","_exactmetrics_sitenote_category":0,"footnotes":""},"class_list":["post-13119","page","type-page","status-publish","hentry"],"campaignId":"","_links":{"self":[{"href":"https:\/\/thenylcompanymarine.com\/index.php?rest_route=\/wp\/v2\/pages\/13119","targetHints":{"allow":["GET"]}}],"collection":[{"href":"https:\/\/thenylcompanymarine.com\/index.php?rest_route=\/wp\/v2\/pages"}],"about":[{"href":"https:\/\/thenylcompanymarine.com\/index.php?rest_route=\/wp\/v2\/types\/page"}],"author":[{"embeddable":true,"href":"https:\/\/thenylcompanymarine.com\/index.php?rest_route=\/wp\/v2\/users\/1"}],"replies":[{"embeddable":true,"href":"https:\/\/thenylcompanymarine.com\/index.php?rest_route=%2Fwp%2Fv2%2Fcomments&post=13119"}],"version-history":[{"count":5,"href":"https:\/\/thenylcompanymarine.com\/index.php?rest_route=\/wp\/v2\/pages\/13119\/revisions"}],"predecessor-version":[{"id":13203,"href":"https:\/\/thenylcompanymarine.com\/index.php?rest_route=\/wp\/v2\/pages\/13119\/revisions\/13203"}],"wp:attachment":[{"href":"https:\/\/thenylcompanymarine.com\/index.php?rest_route=%2Fwp%2Fv2%2Fmedia&parent=13119"}],"curies":[{"name":"wp","href":"https:\/\/api.w.org\/{rel}","templated":true}]}}